 Let g(n) = -n**3 + 3*n - 2. Give g(t).
-20
Let t be ((-36)/(-6) - 11)*-1. Let q(c) = 17 - 5*c - t - 12 - 2. What is q(-2)?
8
Let z(r) = -2*r**3 - 5*r - 5. Let s be z(-1). Let y(a) = -8 + 2*a**2 + 5*a**2 + 5*a + a**s + 2*a**3 - a**3. Let m(q) = -2*q - 1. Let d be m(3). Calculate y(d).
6
Let s(q) = -55*q + 57. Let a(v) = -172*v + 183. Let r(p) = 6*a(p) - 19*s(p). Calculate r(-1).
2
Let d(z) be the second derivative of 5*z**3/6 + 89*z**2/2 - 611*z. Determine d(-19).
-6
Let m(c) be the third derivative of -c**4/12 - 29*c**3/2 - 12*c**2 + c + 37. Calculate m(-53).
19
Let a(b) = -b**2 + 16*b - 39. Let w be a(3). Suppose 5*c - 3*c = 3*q - 5, 0 = q + 2*c - 15. Let u(o) = 7 + w - q + o. Determine u(-1).
1
Let k(v) = -2*v + 4. Let d(g) = -4*g + 8. Let m(n) = -2*d(n) + 5*k(n). Let f = -7042 - -7045. Determine m(f).
-2
Let d be (1/(-3))/((-1)/6). Let o(k) = 4*k**2 + 4 - 11 + 10*k - d*k**3 + k**3. Let u = 12871 - 12865. Calculate o(u).
-19
Suppose -5*i - 55 = 3*s, -3*s - 2*i - i = 57. Let d = -382 - -386. Let h be (1/1)/(d/s). Let v(m) = m**2 + 4*m. Give v(h).
5
Let l(i) = 10*i + 74. Let p be l(-8). Let o be (-1 - -3)/(p/9). Let r(f) = 2*f + 1. Give r(o).
-5
Let w(h) = 2*h - 10. Let q = 335 - 315. Let i be q + -13 + 2 + (-1)/1. Calculate w(i).
6
Let b(g) = 38 + 4*g**2 - g + 1 - 22 + 2036*g**3 - 2037*g**3. Give b(5).
-13
Let m(u) be the second derivative of -u**4/12 + 2*u**3 - u**2 - 5*u. Let c(b) = 2*b**3 - 38*b**2 - 185*b + 5. Let q be c(-4). Give m(q).
25
Let f(s) be the third derivative of -s**4/12 - 7*s**3/3 - 6*s**2 + 18*s. What is f(-8)?
2
Let p(z) = -31 - 28*z + 10 + 25*z. Let l be 2/2*(2 - (4 - -7)). Give p(l).
6
Let i(u) = -u**3 + 10*u**2 + 9*u - 37. Let k = -12960 + 12971. What is i(k)?
-59
Let g(j) = j**3 + 8*j**2 + 6*j - 4. Let i = -88 - -86. Let q be (i + (-1 - -2))/((-3)/(-198)). Let z = q - -59. Determine g(z).
3
Let q(t) = 7*t**3 + 11*t**2 - 15*t + 11. Let n(o) = o**3 - o**2 + 4. Let z(y) = 2*n(y) - q(y). Calculate z(1).
-6
Let u(s) = 4*s + 15. Suppose 3*q - r = 18, 0 = q + 65*r - 61*r + 20. Calculate u(q).
31
Let a(y) = y**3 + 9*y**2 + y + 11. Let g be a(-9). Let h(o) = -291*o**2 + 2 + 584*o**2 - 294*o**g. What is h(-4)?
-14
Let d(u) = 3*u**2 + 9*u + 5. Let x be d(-2). Let h(j) = 3*j + 1. Let z(r) = -16*r - 6. Let i(o) = x*z(o) - 5*h(o). Determine i(7).
8
Let a(r) = 16*r**3 - 43*r**2 - 25*r - 27. Let y(x) = 7*x**3 - 20*x**2 - 12*x - 13. Let g(z) = 4*a(z) - 9*y(z). Calculate g(-7).
2
Let m(r) be the first derivative of 43*r**2/2 + 213*r - 247. Let n be m(-5). Let s(u) = -2*u**3 + u**2 + 6*u + 4. Calculate s(n).
12
Suppose s = j - 25, 4*j - 4*s = s + 105. Suppose 14 = -x - 2*k, -14 = 5*x - 2*k + j. Let r(i) be the third derivative of i**4/12 + 5*i**3/3 - 9*i**2. Give r(x).
-6
Let u(o) be the second derivative of o**6/360 - o**5/24 - 5*o**4/24 + o**3/3 + 31*o**2/2 - 3*o + 27. Let v(n) be the second derivative of u(n). What is v(5)?
-5
Let i(t) be the first derivative of -t**5/60 + t**4/2 - 11*t**3/6 + t**2/2 + 16*t + 113. Let j(a) be the second derivative of i(a). Give j(8).
21
Let u = -579 + 581. Let h(k) = 2*k**2 + 29*k + u*k - 26*k. Give h(-4).
12
Let n(r) = -12 - 15 + 20 - 23 - r. Let c be n(-24). Let p(d) = -d**3 - 4*d**2 + 8*d - 4. What is p(c)?
20
Let v(k) = 35*k - 213. Let s(z) = -66*z + 432. Let y(x) = -6*s(x) - 11*v(x). Calculate y(22).
-7
Let w(x) be the first derivative of x**6/120 + 2*x**5/15 + x**4/4 - x**3/2 + 3*x**2/2 - 32*x - 96. Let i(g) be the second derivative of w(g). Calculate i(-7).
4
Let i(s) = 7*s - 41. Let p(b) = b**3 - 48*b**2 - 49*b + 11. Let q be p(49). Give i(q).
36
Let w(b) = 14 - 19*b**2 - 14*b**2 + 11*b**2 - 31*b + b**3 - 18*b. Determine w(24).
-10
Let s(f) be the second derivative of -f**5/60 + f**4/24 + 5*f**3/3 + 195*f**2/2 - 205*f. Let l(x) be the first derivative of s(x). Calculate l(3).
4
Suppose 6*p - 14 = 58. Let g(q) = -q**2 + 11*q + 8. Let v be g(p). Let o(k) = -8 - 2*k - k + 6. Calculate o(v).
10
Let r(i) = 2*i + 14. Let o(t) = -t**2 - 8*t - 1. Let z(g) = -o(g) - r(g). Calculate z(2).
3
Let s(c) be the third derivative of 1/2*c**3 - 1/10*c**5 + 0 + 1/6*c**4 - 2*c - 1/120*c**6 - 27*c**2. Suppose -5*j - 35 + 5 = 0. Determine s(j).
-21
Let q(x) = x**2 + 10*x - 1. Let o be q(-6). Let z(j) = 2*j + 56. Let t be z(o). Let v(s) = s**2 - 3*s + 1. Give v(t).
19
Let d(p) = 6*p - 19. Suppose -132*x + 32 = -140*x. Let y(g) = -7*g + 19. Let q(i) = x*y(i) - 5*d(i). Determine q(7).
5
Let y(u) = 6*u**2 + 16*u + 220. Let k(m) = 7*m**2 + 15*m + 260. Let a(g) = 5*k(g) - 6*y(g). Calculate a(-20).
0
Let q(v) = -10*v. Let m be 2/(-4)*8 - -8. Let f be m/6 - ((-26)/(-3))/(-2). Suppose f*p + 4 = 3*p. Calculate q(p).
20
Let x = -8 + 11. Let u(p) = 5*p + 1629. Let m(f) = 26*f + 8959. Let s(t) = -4*m(t) + 22*u(t). Give s(x).
20
Suppose 0 = h + 2*z - 8, 3 = 5*h + 2*z - 37. Let w(d) be the third derivative of d**4/12 - 5*d**3/3 - 164*d**2 + d. What is w(h)?
6
Let o(v) be the first derivative of -v**3/3 - v**2/2 - v - 84. Let b = 25 + -23. Suppose -b*y - 14 = 4*u, -3*y = -u - 8*y - 26. Determine o(u).
-1
Let f(l) be the third derivative of -l**5/60 + l**4/3 - 7*l**3/6 - l**2 - 64*l. Calculate f(7).
0
Let k(r) = 11*r. Let y = 446 + -448. Let u(p) = 38*p + 2. Let o(q) = y*u(q) + 7*k(q). Calculate o(-9).
-13
Let v(x) = 7*x - 454. Let l be v(66). Let m(i) = i**3 - 9*i**2 + i + 33. What is m(l)?
-23
Let a(s) = s**2 - 1 - 11*s + 18 - 4. Let w = -46715 - -46725. Give a(w).
3
Let b be (-2)/(6/(-33)) - 160/16. Let i(p) = 32*p - 32. What is i(b)?
0
Let b(j) be the third derivative of -j**6/120 - j**5/20 + 7*j**4/24 + 13*j**3/6 - 2392*j**2. Determine b(-4).
1
Suppose b + 29 = 22. Let q(j) = 7 + 36*j**3 + 13*j**2 - 5*j**2 + 34*j**3 + 7*j - 69*j**3. Calculate q(b).
7
Let r(j) = -j**3 - 36*j**2 - 125*j + 99. Let g be r(-32). Let d(k) = 3*k**2 - 7*k + 3. What is d(g)?
9
Let u(b) = b + 1. Let d(f) be the second derivative of 2*f**3/3 + 4*f**2 + 3*f. Let w(i) = d(i) - 3*u(i). Let z be 11 + (6 - 7) + (-2 - 2). Determine w(z).
11
Suppose 3*y = 2*i + 3*i + 170, 3*y - 184 = -2*i. Let f = y + -60. Let v(j) = -j**2 + j - 2. Calculate v(f).
-2
Let j(s) be the second derivative of -s**4/6 - 4*s**3/3 + 35*s**2/2 - 3117*s. Determine j(-7).
-7
Let r(i) = -2*i**3 + 3*i**2 - 16*i + 27. Let n = -22515 - -22517. Determine r(n).
-9
Let q(w) = 6*w**2 + 2*w + 1. Let s(j) = -6*j + 17 - 6 + 4*j - 16. Suppose 0 = a - 0 + 2. Let i be s(a). What is q(i)?
5
Suppose -t - 6 = -3*t + a, 0 = 4*t - 3*a - 14. Let j(d) = -2*d**2 + 4*d - 3. Give j(t).
-3
Let w(x) be the second derivative of -x**6/720 + 7*x**5/120 - x**4/12 + 55*x**3/6 + x + 6. Let o(a) be the third derivative of w(a). What is o(8)?
-1
Suppose 5*b - 23 = -4*f, 0 = -2*b - f + 6*f + 29. Let p = 4 + b. Suppose -p*k = -1 - 54. Let t(z) = -z**2 + 4*z + 1. Determine t(k).
-4
Let b(t) = t**2 - 11*t + 11. Let g(a) = 5*a - 101. Let i(m) = -m + 64. Let h(w) = -g(w) - 2*i(w). Let l(y) = -2*y. Let z be l(6). Let d be h(z). Give b(d).
-7
Let l(f) = -2*f - 7. Let z be (2/(-9))/((-1)/18). Suppose 2*d + 3*c = -6, c + 22 = -z*d - 0*d. What is l(d)?
5
Let n(k) = 13*k - 6. Let z(h) = 6*h + 3. Let l(q) = n(q) - 2*z(q). Let d = -24 - -35. What is l(d)?
-1
Let d(q) = q + 3. Let c be (-26127)/81 + (-8)/18. Let l = c + 318. Determine d(l).
-2
Let k(z) = -3*z**2 + 4*z - 4. Suppose -10 = 5*u - 5*d, -8*u + 4*u - 4*d + 8 = 0. Suppose -14*c + 23 + 5 = u. What is k(c)?
-8
Suppose 3*v - 8 - 22 = 0. Let m = 470 + -466. Let t(f) = -m*f**2 - f**2 + 2*f**2 + 11*f + 2*f**2 - 7. Determine t(v).
3
Let j be (-109)/(-5) + (-12)/15. Let y = j - 26. Let v(n) be the second derivative of -n**4/12 - 2*n**3/3 - n**2 - 26*n. What is v(y)?
-7
Let y(j) = -2*j**2 + 10*j + 18. Let h be ((-1)/(-2))/(14/4*(-58)/812). Calculate y(h).
-10
Suppose 108*h - 111*h + 4*o + 16 = 0, -8*o - 16 = -2*h. Let g(p) be the first derivative of -5/2*p**2 + h*p + 1/3*p**3 - 46. Calculate g(5).
4
Let l(a) = -17*a - 29. Let r(f) = 49*f + 76. Let z(d) = -17*l(d) - 6*r(d). Give z(8).
-3
Let a(n) = -5*n + 6. Let g(v) = 14*v - 17. Let c(d) = -17*a(d) - 6*g(d). Let t = -2036 + 2030. Calculate c(t).
-6
Let q(k) = -k**3 + 10*k**2 - 10*k - 15. Suppose -78*m + 79*m - 28 = -5*f, 5*m - 3*f = 28. Calculate q(m).
33
Let v = -564 - -196. Let w = v + 358. Let b(n) = -n + 4. Calculate b(w).
14
L